is 0 + -432?
-432
In base 9, what is 1106 - 0?
1106
In base 14, what is 10 + -9?
5
In base 6, what is 212 + -51?
121
In base 9, what is -4 - -55?
51
In base 6, what is -11515 - -2?
-11513
In base 9, what is -18 - 66?
-85
In base 16, what is 2 - 302?
-300
In base 12, what is 1076 - 4?
1072
In base 15, what is 23 - -96?
b9
In base 16, what is -65f - 3?
-662
In base 9, what is 4 + 33?
37
In base 16, what is -22 + 2ab?
289
In base 3, what is -11 + -12212212?
-12220000
In base 4, what is 131 - 33?
32
In base 2, what is 11 - 1000100001?
-1000011110
In base 2, what is 11101100011 - 101?
11101011110
In base 6, what is 0 - -101?
101
In base 3, what is 111222 + -2?
111220
In base 9, what is -11 + 40?
28
In base 12, what is -4 - -477?
473
In base 9, what is -4 - -5?
1
In base 16, what is 6 - -72?
78
In base 14, what is 1 - 46?
-45
In base 3, what is -2 + 101021?
101012
In base 6, what is 2305 + 2?
2311
In base 9, what is 162 - -1?
163
In base 9, what is -2 - -431?
428
In base 13, what is 61 + 2?
63
In base 15, what is d - 19?
-b
In base 14, what is -533 - 6?
-539
In base 2, what is 10001011 - 1?
10001010
In base 15, what is 5 - 299?
-294
In base 10, what is 10 + 1130?
1140
In base 14, what is 387 - 5?
382
In base 10, what is 1 + 39?
40
In base 2, what is 10110 + 10011?
101001
In base 10, what is 6 + 175?
181
In base 4, what is -21322 - 2?
-21330
In base 9, what is 7 + 27?
35
In base 16, what is 1abd + -1?
1abc
In base 15, what is -4 - 37c?
-381
In base 9, what is -173 + -7?
-181
In base 16, what is -5b - a?
-65
In base 12, what is b + 99b?
9aa
In base 5, what is -2 - 40312?
-40314
In base 14, what is -24 - 3?
-27
In base 4, what is 3 + 1?
10
In base 16, what is -2c - -13?
-19
In base 15, what is -39 + 2e?
-a
In base 10, what is 3 + -283?
-280
In base 14, what is 30 + -54?
-24
In base 11, what is 0 + 672?
672
In base 8, what is 4 + -70?
-64
In base 11, what is 5 - -50?
55
In base 12, what is -315 - 2?
-317
In base 15, what is 22c + -2?
22a
In base 6, what is 550 - 15?
531
In base 6, what is 253 - -1050?
1343
In base 12, what is a14 - -4?
a18
In base 14, what is 5aa + 19?
5c5
In base 16, what is 3 + 3f?
42
In base 7, what is -3 - -2444?
2441
In base 13, what is -305 + -3?
-308
In base 16, what is -a8 - -3?
-a5
In base 3, what is 11012002 + -10?
11011222
In base 15, what is a4 + -e2?
-3d
In base 12, what is -1663 + 1?
-1662
In base 3, what is 11 - -120?
201
In base 9, what is 0 - -85?
85
In base 15, what is ca + 2?
cc
In base 15, what is -9b + 3?
-98
In base 13, what is -4 + cc?
c8
In base 3, what is 10 + -110211?
-110201
In base 2, what is 1110101100000 + -10?
1110101011110
In base 6, what is 5 - -13522?
13531
In base 11, what is 0 - 147?
-147
In base 10, what is -1656 + 1?
-1655
In base 11, what is 24 + -6?
19
In base 3, what is -12 - 12021?
-12110
In base 16, what is -3 + -ed?
-f0
In base 12, what is 441 + -1?
440
In base 10, what is -6 + 37?
31
In base 12, what is -3 - -1369?
1366
In base 10, what is 1150 + -12?
1138
In base 15, what is 6e - 24?
4a
In base 16, what is 1 - 551?
-550
In base 11, what is -2 + 31?
2a
In base 11, what is -3 + 2125?
2122
In base 16, what is 5 + 1e14?
1e19
In base 14, what is -123 + 1?
-122
In base 16, what is -487 + -2?
-489
In base 7, what is -50202 + 5?
-50164
In base 13, what is 8a - 5?
85
In base 2, what is -1010111110 - -10?
-1010111100
In base 11, what is 730 - 4?
727
In base 12, what is b6 + 25?
11b
In base 2, what is -1001110110010 - -11?
-1001110101111
In base 14, what is 122 - 2?
120
In base 12, what is -7 - 179?
-184
In base 10, what is 1 + -892?
-891
In base 11, what is -5 + -a7?
-101
In base 2, what is -101 + -101101?
-110010
In base 16, what is 37 + 5?
3c
In base 12, what is -b - 194?
-1a3
In base 10, what is -2185 + 1?
-2184
In base 16, what is d + -45?
-38
In base 12, what is 2 - -154?
156
In base 2, what is 1010 + 111110?
1001000
In base 15, what is e5 - 3?
e2
In base 13, what is -1 - -4?
3
In base 3, what is -21101 + 211?
-20120
In base 9, what is 0 - 48?
-48
In base 12, what is -322 + 2?
-320
In base 9, what is 237 + 103?
341
In base 16, what is 9 + -24?
-1b
In base 7, what is -252 - 10?
-262
In base 14, what is 75 - 6?
6d
In base 15, what is 1 - -b0?
b1
In base 3, what is 1101112 + -20?
1101022
In base 15, what is 3d9 + -3?
3d6
In base 12, what is -9 - a62?
-a6b
In base 14, what is 0 - -32?
32
In base 8, what is 4 + 253?
257
In base 5, what is 3424 + -4?
3420
In base 9, what is -2327 + -1?
-2328
In base 4, what is 1232 - -1?
1233
In base 15, what is -182 + -2?
-184
In base 13, what is -1ab + -5?
-1b3
In base 8, what is 77 + 14?
113
In base 12, what is -2 - 1592?
-1594
In base 7, what is 5 + -34?
-26
In base 9, what is -11 + -31?
-42
In base 8, what is -2 + -65?
-67
In base 10, what is -10 + 22?
12
In base 15, what is -10c + -41?
-14d
In base 14, what is -3 + -d0?
-d3
In base 5, what is 44320 + 2?
44322
In base 16, what is 5 - 383?
-37e
In base 12, what is 1742 + -5?
1739
In base 12, what is 165 + 1?
166
In base 15, what is -2d - -4?
-29
In base 7, what is -3 + 4656?
4653
In base 9, what is -3 - 0?
-3
In base 11, what is -155 - -3?
-152
In base 14, what is -263 + 7?
-25a
In base 13, what is -1813 + -1?
-1814
In base 9, what is -4 + -510?
-514
In base 7, what is -5 + 1356?
1351
In base 12, what is 355 + -1?
354
In base 7, what is 51120 - -2?
51122
In base 13, what is -2a + 3?
-27
In base 10, what is 382 + -18?
364
In base 11, what is -47 + -254?
-2a0
In base 15, what is -c + 4?
-8
In base 11, what is 1398 + -5?
1393
In base 11, what is -79 + -5?
-83
In base 16, what is -7 + e?
7
In base 6, what is -4 + 233?
225
In base 13, what is -1 - 12c4?
-12c5
In base 12, what is -25 - -1?
-24
In base 9, what is -65 - 8?
-74
In base 13, what is -b - 19a?
-1a8
In base 14, what is -43 + 2?
-41
In base 9, what is 142 + 25?
167
In base 15, what is -3 + 47e?
47b
In base 15, what is 304 + 5?
309
In base 15, what is 3 + -14?
-11
In base 14, what is 6 - -b5d?
b65
In base 11, what is -139 + 35?
-104
In base 14, what is 4 + 27?
2b
In base 9, what is -7 + 131?
123
In base 3, what is -1100 - 22112?
-100212
In base 12, what is 0 + -31?
-31
In base 6, what is -1 - 514?
-515
In base 13, what is 0 + -121?
-121
In base 2, what is 0 + -101110110?
-101110110
In base 16, what is -1ec7 + -2?
-1ec9
In base 13, what is -12b - 7?
-135
In base 4, what is 1303 + 1?
1310
In base 15, what is 0 + 175?
175
In base 15, what is -18 - 1?
-19
In base 16, what is 1 + -66f?
-66e
In base 8, what is 1037 + -3?
1034
In base 14, what is 0 + -8?
-8
In base 12, what is -8 + -12?
-1a
In base 5, what is -233 + 342?
104
In base 11, what is -11 + 22?
11
In base 9, what is 3 - -107?
111
In base 12, what is 15 + -23b?
-226
In base 8, what is -421 + -4?
-425
In base 14, what is 195 - -5?
19a
In base 3, what is 1 + -1122?
-1121
In base 4, what is -2 + 3201?
3133
In base 15, what is -5ea2 - -3?
-5e9e
In base 11, what is -3 - -104?
101
In base 14, what is 6 - -1225?
122b
In base 8, what is -11 - -26?
15
In base 15, what is 70e - -3?
712
In base 3, what is 1210020 - 10?
1210010
In base 7, what is 11 - -3132?
3143
In base 6, what is -35042 + 1?
-35041
In base 7, what is 0 - 16?
-16
In base 10, what is 1755 - 5?
1750
In base 13, what is 2 - -b3?
b5
In base 4, what is -1230311 + -1?
-1230312
In base 2, what is -1010 - -111?
-11
In base 11, what is 0 - 154?
-154
In base 2, what is -100100 - 1000?
-101100
In base 7, what is -5146 + -4?
-5153
In base 7, what is -2 + 120?
115
In base 11, what is -1382 - 2?
-1384
In base 9, what is 16 + 33?
50
In base 11, what is -407 - -3?
-404
In base 15, what is -5a + 2?
-58
In base 6, what is 34 + -1125?
-1051
In base 9, what is -30 + -1?
-31
In base 15, what is 1 - 2d?
-2c
In base 16, what is -2 - -62?
60
In base 16, what is 3 + -11?
-e
In base 9, what is 30 + 47?
77
In base 9, what is 2 + -34?
-32
In base 6, what is -14551 - -4?
-14543
In base 15, what is 0 - 75?
-75
In base 12, what is -344 - -15?
-32b
In base 3, what is 2110 - 10010?
-200
In base 10, what is -2 - -114?
112
In base 7, what is 16304 - 2?
16302
In base 2, what is 11000 - 100011?
-1011
In base 9, what is 23 + 11?
34
In base 2, what is -10111 + -1110?
-100101
In base 4, what is -2 + -3?
-11
In base 8, what is 52 - -125?
177
In base 10, what is -174 + 17?
-157
In base 10, w